{"id":"fe2e5f0b-1277-4e26-b5ec-7db7b46868e6","type":"formio","name":"ATTI NON URGENTI","slug":"atti-non-urgenti","tenant":"9d9144e6-146e-41d5-8b7f-3e19d6b9e7e3","topics":"u-n-e-p-corte-di-appello-di-trento","topics_id":"d16a71a5-7ba5-4414-9a63-28a96d928616","description":"<p>Sistema di prenotazione<i>\u00a0Online</i>\u00a0\u00a0<b>attivo \u00a0a partire dal 16.01.2023</b></p><p>L\u2019 Ufficio unico notificazioni, esecuzioni e protesti (UNEP) presso la Corte di Appello di Trento\u00a0si occupa di accettare ed eseguire le richieste\u00a0<b>di notificazione ed esecuzione\u00a0</b>in materia civile e penale di propria competenza provenienti dall\u2019autorit\u00e0 giudiziaria, dalle cancellerie e dalle parti, in cui \u00e8 prevista \u00a0un\u2019attivit\u00e0 dell\u2019ufficiale giudiziario.</p><p>Il servizio protesti \u00a0\u00e8 invece svolto \u00a0dall\u2019 Ufficio \u00a0Unico Protesti di Trento, \u00a0sito in piazza Silvio Pellico n. 5.</p>","short_description":"Sistema di prenotazione Online  attivo  a partire dal 16.01.2023","howto":"<p></p><p>Sistema di prenotazione<i>\u00a0Online</i>\u00a0\u00a0attivo a partire dal 16.01.2023</p><p><br /></p><p>NUOVO ORARIO\u00a0 (valido dal 09 ottobre 2023)\u00a0</p><p>dal luned\u00ec al gioved\u00ec, dalle 9.00 alle 10.00\u00a0</p><p>Venerd\u00ec chiuso\u00a0</p><p><b>Sabato e prefestivi, \u00a0dalle 9.00 alle 10.00</b><br /></p><p><b><br /></b></p>","how_to_do":"","what_you_need":"","what_you_get":"","costs":"","costs_attachments":[],"who":"<p>Studi professionali, cittadini, enti<br /></p>","special_cases":"<p>Le richieste di atti di esecuzione\u00a0non urgenti\u00a0\u00a0sono prenotabili <b>fino al giorno 25 di \u00a0ciascun mese</b>.<br /></p>","more_info":"<p>Sistema di prenotazione<i>\u00a0Online</i>\u00a0\u00a0<b>attivo \u00a0a partire dal 16.01.2023</b><br /></p><p><br /></p>","constraints":"","times_and_deadlines":"","booking_call_to_action":null,"conditions":"","conditions_attachments":[],"compilation_info":"<p>Per informazioni relative alle attivit\u00e0 di sportello\u00a0\u00a0<br />Telefono: 0461 213420, dalle 10.30 alle 12.00 (dal luned\u00ec al venerd\u00ec)\u00a0<br />\u00a0<br />Per altre richieste:\u00a0\u00a0<br />Email:\u00a0<a href=\"mailto:agenda.pg.trento@giustizia.it\">agenda.pg.trento@giustizia.it</a>\u00a0\u00a0<br /></p>","final_indications":"<p>La domanda \u00e8 stata correttamente registrata, non sono richieste altre operazioni.<br /></p><p></p><p>Se entro qualche minuto sulla casella di posta elettronica indicata non giunge la mail di ricevuta,\u00a0controllare la posta indesiderata.</p><p>In caso di necessit\u00e0 \u00e8 possibile inviare una mail all'indirizzo\u00a0<a href=\"mailto:agenda.pg.trento@giustizia.it\">agenda.pg.trento@giustizia.it</a></p><p></p><p>Grazie per collaborazione.</p><p><br /></p><p>Per fissare un nuovo appuntamento\u00a0<a href=\"https://www2.stanzadelcittadino.it/uffici-giudiziari-del-trentino-alto-adige-sudtirol/it/servizi/\" target=\"_blank\" rel=\"noreferrer noopener\">clicca qui</a>.\u00a0\u00a0</p><p><br /></p><p></p><p>Per segnalazioni relative al miglioramento del servizio\u00a0\u00e8 possibile inviare una mail all'indirizzo\u00a0<a href=\"mailto:agenda.pg.trento@giustizia.it\">agenda.pg.trento@giustizia.it</a></p>","coverage":["Trento"],"response_type":null,"flow_steps":[{"identifier":"633c32b351df53001ca0d0df","title":null,"type":"formio","description":null,"guide":null,"parameters":{"formio_id":"633c32b351df53001ca0d0df","url":"https://form.stanzadelcittadino.it/form/"}}],"protocol_required":false,"protocol_handler":null,"protocollo_parameters":{},"payment_required":0,"is_payment_configured":false,"payment_parameters":{"total_amounts":0,"gateways":[]},"integrations":{"trigger":2000,"action":"calendars"},"sticky":false,"status":1,"status_name":"published","access_level":0,"access_url":"https://www2.stanzadelcittadino.it/uffici-giudiziari-del-trentino-alto-adige-sudtirol/it/servizi/atti-non-urgenti/access","login_suggested":true,"scheduled_from":null,"scheduled_to":null,"service_group":"u-n-e-p-di-trento","service_group_id":"9e9d3be9-4eca-4ce5-93af-05bcee94b354","shared_with_group":true,"user_group_ids":[],"allow_reopening":true,"allow_withdraw":true,"allow_integration_request":false,"workflow":0,"io_parameters":{},"recipients":["Avvocato","Cittadino","Altro professionista"],"recipients_id":["69091f18-0f49-4263-825e-a00f17e4e017","fb47714e-7594-40fd-b528-8ecc094ecf03","a2859a3a-ae95-4fdf-9838-0f364e3246ff"],"geographic_areas":[],"geographic_areas_id":[],"max_response_time":null,"days_until_tacit_outcome":null,"source":null,"life_events":[],"business_events":[],"external_card_url":null,"feedback_messages":{"status_draft":{"message":"messages.pratica.status.1000","subject":null,"is_active":false},"status_pre_submit":{"message":"<p>Gentile&nbsp;%user_name%,</p><p>la richiesta per il servizio&nbsp;%servizio% presso<span style=\"font-weight: 600;\">&nbsp;</span>%gruppo% \u00e8 stata correttamente inviata. Il numero della pratica \u00e8&nbsp;%pratica_id%, da indicare in caso di comunicazioni relative alla richiesta.</p><p><span style=\"font-weight: 600;\">Attenzione:</span>&nbsp;questa \u00e8 la ricevuta di presentazione della richiesta,&nbsp;<span style=\"font-weight: 600;\">NON \u00e8 l'esito della domanda.</span>&nbsp;A breve ricever\u00e0 ulteriori comunicazioni di dettaglio.</p><p>Cordiali saluti</p>","subject":null,"is_active":true},"status_submitted":{"message":"<p>Gentile&nbsp;%user_name%,</p><p>la richiesta per il servizio&nbsp;%servizio%&nbsp; presso<span style=\"font-weight: 600;\">&nbsp;</span><span style=\"font-weight: 600;\">&nbsp;</span>%gruppo%&nbsp;&nbsp;\u00e8 stata acquisita dal sistema. Il numero di richiesta \u00e8&nbsp;%pratica_id%.</p><p><span style=\"font-weight: 600;\">A breve ricever\u00e0&nbsp;una comunicazione con i riferimenti dell\u2019appuntamento che potr\u00e0 sempre annullare qualora lo desideri.</span></p><p>Cordiali saluti</p>","subject":null,"is_active":false},"status_registered":{"message":"<p>Gentile&nbsp;%user_name%,<br></p><p>la richiesta per il servizio&nbsp;%servizio% presso&nbsp;<span style=\"font-weight: 600;\">&nbsp;</span>%gruppo%&nbsp;&nbsp;\u00e8 stata protocollata. Il numero di protocollo \u00e8 %protocollo%.Il prima possibile verr\u00e0 presa in carico da un nostro operatore che provveder\u00e0 al controllo ed all'elaborazione della richiesta.</p><p>Cordiali saluti</p>","subject":null,"is_active":false},"status_pending":{"message":"<p>Gentile&nbsp;%user_name%,</p><p>la richiesta per il servizio&nbsp;%servizio%&nbsp; presso&nbsp;<span style=\"font-weight: 600;\">&nbsp;</span>%gruppo%&nbsp;&nbsp;\u00e8 stata presa in carico da un operatore. Il numero di richiesta \u00e8&nbsp;%pratica_id%.Con il seguente messaggio.&nbsp;</p><p><span style=\"font-weight: 600;\">A breve ricever\u00e0&nbsp;una comunicazione con i riferimenti dell\u2019appuntamento che potr\u00e0 sempre annullare qualora lo desideri</span></p><p>Cordiali saluti</p>","subject":null,"is_active":false},"status_request_integration":null,"status_complete":{"message":"<p>Gentile %user_name%,</p><p></p><p>la richiesta per il servizio&nbsp;%servizio% presso&nbsp;<span style=\"font-weight: 600;\">&nbsp;</span>%gruppo%&nbsp;&nbsp;\u00e8 stata confermata. Il numero di richiesta \u00e8&nbsp;%pratica_id%.</p><p><span style=\"font-weight: 600;\">%messaggio_personale%</span></p><p>A breve ricever\u00e0&nbsp;una comunicazione con i riferimenti dell\u2019appuntamento che potr\u00e0 sempre annullare qualora lo desideri</p><p>Cordiali saluti</p>","subject":null,"is_active":true},"status_partially_complete":null,"status_cancelled":{"message":"<p>Gentile %user_name%,</p><p>la richiesta per il servizio %servizio%&nbsp;presso&nbsp;<span style=\"font-weight: 600;\">&nbsp;</span>%gruppo%&nbsp;&nbsp;\u00e8 stata rigettata. Il numero di richiesta \u00e8 %pratica_id%.</p><p>Con il seguente motivo:</p><p><span style=\"font-weight: 600;\">%messaggio_personale%</span></p><p>Cordiali saluti</p>","subject":null,"is_active":true},"status_withdraw":{"message":"<p>Gentile %user_name%,</p><p>la richiesta di revoca per il servizio %servizio%&nbsp;presso&nbsp;<span style=\"font-weight: 600;\">&nbsp;</span>%gruppo%&nbsp;&nbsp;\u00e8 stata correttamente ricevuta.</p><p>Cordiali saluti</p>","subject":null,"is_active":true}},"identifier":null,"app_version":"4.6.2","created_at":"2022-12-12T20:50:09+01:00","updated_at":"2023-08-29T09:25:18+02:00","satisfy_entrypoint_id":null,"disable_message_notifications":false,"stamps":[],"receipt":"compiled_module_on_demand","pdnd_config_ids":[],"payment_gateway_identifier":null,"payment_configs":[],"external_application_url":null,"allow_attachments_in_messages":true,"allow_partial_outcome":false,"max_applications":null,"draft_duration":null}

<p>Sistema di prenotazione<i> Online</i>  <b>attivo  a partire dal 16.01.2023</b></p><p>L’ Ufficio unico notificazioni, esecuzioni e protesti (UNEP) presso la Corte di Appello di Trento si occupa di accettare ed eseguire le richieste <b>di notificazione ed esecuzione </b>in materia civile e penale di propria competenza provenienti dall’autorità giudiziaria, dalle cancellerie e dalle parti, in cui è prevista  un’attività dell’ufficiale giudiziario.</p><p>Il servizio protesti  è invece svolto  dall’ Ufficio  Unico Protesti di Trento,  sito in piazza Silvio Pellico n. 5.</p>

<p></p><p>Sistema di prenotazione<i> Online</i>  attivo a partire dal 16.01.2023</p><p><br /></p><p>NUOVO ORARIO  (valido dal 09 ottobre 2023) </p><p>dal lunedì al giovedì, dalle 9.00 alle 10.00 </p><p>Venerdì chiuso </p><p><b>Sabato e prefestivi,  dalle 9.00 alle 10.00</b><br /></p><p><b><br /></b></p>

<p>Per informazioni relative alle attività di sportello  <br />Telefono: 0461 213420, dalle 10.30 alle 12.00 (dal lunedì al venerdì) <br /> <br />Per altre richieste:  <br />Email: <a href="mailto:agenda.pg.trento@giustizia.it">agenda.pg.trento@giustizia.it</a>  <br /></p>

<p>La domanda è stata correttamente registrata, non sono richieste altre operazioni.<br /></p><p></p><p>Se entro qualche minuto sulla casella di posta elettronica indicata non giunge la mail di ricevuta, controllare la posta indesiderata.</p><p>In caso di necessità è possibile inviare una mail all'indirizzo <a href="mailto:agenda.pg.trento@giustizia.it">agenda.pg.trento@giustizia.it</a></p><p></p><p>Grazie per collaborazione.</p><p><br /></p><p>Per fissare un nuovo appuntamento <a href="https://www2.stanzadelcittadino.it/uffici-giudiziari-del-trentino-alto-adige-sudtirol/it/servizi/" target="_blank" rel="noreferrer noopener">clicca qui</a>.  </p><p><br /></p><p></p><p>Per segnalazioni relative al miglioramento del servizio è possibile inviare una mail all'indirizzo <a href="mailto:agenda.pg.trento@giustizia.it">agenda.pg.trento@giustizia.it</a></p>

<p>Gentile&nbsp;%user_name%,</p><p>la richiesta per il servizio&nbsp;%servizio% presso<span style="font-weight: 600;">&nbsp;</span>%gruppo% è stata correttamente inviata. Il numero della pratica è&nbsp;%pratica_id%, da indicare in caso di comunicazioni relative alla richiesta.</p><p><span style="font-weight: 600;">Attenzione:</span>&nbsp;questa è la ricevuta di presentazione della richiesta,&nbsp;<span style="font-weight: 600;">NON è l'esito della domanda.</span>&nbsp;A breve riceverà ulteriori comunicazioni di dettaglio.</p><p>Cordiali saluti</p>

<p>Gentile&nbsp;%user_name%,</p><p>la richiesta per il servizio&nbsp;%servizio%&nbsp; presso<span style="font-weight: 600;">&nbsp;</span><span style="font-weight: 600;">&nbsp;</span>%gruppo%&nbsp;&nbsp;è stata acquisita dal sistema. Il numero di richiesta è&nbsp;%pratica_id%.</p><p><span style="font-weight: 600;">A breve riceverà&nbsp;una comunicazione con i riferimenti dell’appuntamento che potrà sempre annullare qualora lo desideri.</span></p><p>Cordiali saluti</p>

<p>Gentile&nbsp;%user_name%,<br></p><p>la richiesta per il servizio&nbsp;%servizio% presso&nbsp;<span style="font-weight: 600;">&nbsp;</span>%gruppo%&nbsp;&nbsp;è stata protocollata. Il numero di protocollo è %protocollo%.Il prima possibile verrà presa in carico da un nostro operatore che provvederà al controllo ed all'elaborazione della richiesta.</p><p>Cordiali saluti</p>

<p>Gentile&nbsp;%user_name%,</p><p>la richiesta per il servizio&nbsp;%servizio%&nbsp; presso&nbsp;<span style="font-weight: 600;">&nbsp;</span>%gruppo%&nbsp;&nbsp;è stata presa in carico da un operatore. Il numero di richiesta è&nbsp;%pratica_id%.Con il seguente messaggio.&nbsp;</p><p><span style="font-weight: 600;">A breve riceverà&nbsp;una comunicazione con i riferimenti dell’appuntamento che potrà sempre annullare qualora lo desideri</span></p><p>Cordiali saluti</p>

<p>Gentile %user_name%,</p><p></p><p>la richiesta per il servizio&nbsp;%servizio% presso&nbsp;<span style="font-weight: 600;">&nbsp;</span>%gruppo%&nbsp;&nbsp;è stata confermata. Il numero di richiesta è&nbsp;%pratica_id%.</p><p><span style="font-weight: 600;">%messaggio_personale%</span></p><p>A breve riceverà&nbsp;una comunicazione con i riferimenti dell’appuntamento che potrà sempre annullare qualora lo desideri</p><p>Cordiali saluti</p>

<p>Gentile %user_name%,</p><p>la richiesta per il servizio %servizio%&nbsp;presso&nbsp;<span style="font-weight: 600;">&nbsp;</span>%gruppo%&nbsp;&nbsp;è stata rigettata. Il numero di richiesta è %pratica_id%.</p><p>Con il seguente motivo:</p><p><span style="font-weight: 600;">%messaggio_personale%</span></p><p>Cordiali saluti</p>

<p>Gentile %user_name%,</p><p>la richiesta di revoca per il servizio %servizio%&nbsp;presso&nbsp;<span style="font-weight: 600;">&nbsp;</span>%gruppo%&nbsp;&nbsp;è stata correttamente ricevuta.</p><p>Cordiali saluti</p>
